{"id":178,"date":"2025-04-30T00:00:13","date_gmt":"2025-04-30T00:00:13","guid":{"rendered":"https:\/\/startinantreprenoriatsocial.ro\/?page_id=178"},"modified":"2025-05-16T05:51:51","modified_gmt":"2025-05-16T05:51:51","slug":"inscriere-plan-de-afaceri","status":"publish","type":"page","link":"http:\/\/startinantreprenoriatsocial.ro\/index.php\/inscriere-plan-de-afaceri\/","title":{"rendered":"Concurs plan de afaceri"},"content":{"rendered":"<p class=\"p1\">V\u0103 inform\u0103m c\u0103 \u00een data de 15.05.2025 ora 23:59 concursul pentru planurile de afaceri s-a \u00eencheiat!<\/p>\n","protected":false},"excerpt":{"rendered":"<p>V\u0103 inform\u0103m c\u0103 \u00een data de 15.05.2025 ora 23:59 concursul pentru planurile de afaceri s-a \u00eencheiat!<\/p>\n","protected":false},"author":1,"featured_media":0,"parent":0,"menu_order":0,"comment_status":"closed","ping_status":"closed","template":"","meta":{"footnotes":""},"class_list":["post-178","page","type-page","status-publish","hentry","grid-sizer"],"yoast_head":"<!-- This site is optimized with the Yoast SEO plugin v23.3 - https:\/\/yoast.com\/wordpress\/plugins\/seo\/ -->\n<title>Concurs plan de afaceri - Proiect: Start \u00een Antreprenoriatul Social<\/title>\n<meta name=\"robots\" content=\"index, follow, max-snippet:-1, max-image-preview:large, max-video-preview:-1\" \/>\n<link rel=\"canonical\" href=\"https:\/\/startinantreprenoriatsocial.ro\/index.php\/inscriere-plan-de-afaceri\/\" \/>\n<meta property=\"og:locale\" content=\"ro_RO\" \/>\n<meta property=\"og:type\" content=\"article\" \/>\n<meta property=\"og:title\" content=\"Concurs plan de afaceri - Proiect: Start \u00een Antreprenoriatul Social\" \/>\n<meta property=\"og:description\" content=\"V\u0103 inform\u0103m c\u0103 \u00een data de 15.05.2025 ora 23:59 concursul pentru planurile de afaceri s-a \u00eencheiat!\" \/>\n<meta property=\"og:url\" content=\"https:\/\/startinantreprenoriatsocial.ro\/index.php\/inscriere-plan-de-afaceri\/\" \/>\n<meta property=\"og:site_name\" content=\"Proiect: Start \u00een Antreprenoriatul Social\" \/>\n<meta property=\"article:publisher\" content=\"https:\/\/www.facebook.com\/StartInAntreprenoriatulSocial\" \/>\n<meta property=\"article:modified_time\" content=\"2025-05-16T05:51:51+00:00\" \/>\n<meta name=\"twitter:card\" content=\"summary_large_image\" \/>\n<meta name=\"twitter:label1\" content=\"Timp estimat pentru citire\" \/>\n\t<meta name=\"twitter:data1\" content=\"1 minut\" \/>\n<script type=\"application\/ld+json\" class=\"yoast-schema-graph\">{\"@context\":\"https:\/\/schema.org\",\"@graph\":[{\"@type\":\"WebPage\",\"@id\":\"https:\/\/startinantreprenoriatsocial.ro\/index.php\/inscriere-plan-de-afaceri\/\",\"url\":\"https:\/\/startinantreprenoriatsocial.ro\/index.php\/inscriere-plan-de-afaceri\/\",\"name\":\"Concurs plan de afaceri - Proiect: Start \u00een Antreprenoriatul Social\",\"isPartOf\":{\"@id\":\"https:\/\/startinantreprenoriatsocial.ro\/#website\"},\"datePublished\":\"2025-04-30T00:00:13+00:00\",\"dateModified\":\"2025-05-16T05:51:51+00:00\",\"breadcrumb\":{\"@id\":\"https:\/\/startinantreprenoriatsocial.ro\/index.php\/inscriere-plan-de-afaceri\/#breadcrumb\"},\"inLanguage\":\"ro-RO\",\"potentialAction\":[{\"@type\":\"ReadAction\",\"target\":[\"https:\/\/startinantreprenoriatsocial.ro\/index.php\/inscriere-plan-de-afaceri\/\"]}]},{\"@type\":\"BreadcrumbList\",\"@id\":\"https:\/\/startinantreprenoriatsocial.ro\/index.php\/inscriere-plan-de-afaceri\/#breadcrumb\",\"itemListElement\":[{\"@type\":\"ListItem\",\"position\":1,\"name\":\"Prima pagin\u0103\",\"item\":\"https:\/\/startinantreprenoriatsocial.ro\/\"},{\"@type\":\"ListItem\",\"position\":2,\"name\":\"Concurs plan de afaceri\"}]},{\"@type\":\"WebSite\",\"@id\":\"https:\/\/startinantreprenoriatsocial.ro\/#website\",\"url\":\"https:\/\/startinantreprenoriatsocial.ro\/\",\"name\":\"Proiect: Start \u00een Antreprenoriatul Social\",\"description\":\"\",\"publisher\":{\"@id\":\"https:\/\/startinantreprenoriatsocial.ro\/#organization\"},\"potentialAction\":[{\"@type\":\"SearchAction\",\"target\":{\"@type\":\"EntryPoint\",\"urlTemplate\":\"https:\/\/startinantreprenoriatsocial.ro\/?s={search_term_string}\"},\"query-input\":\"required name=search_term_string\"}],\"inLanguage\":\"ro-RO\"},{\"@type\":\"Organization\",\"@id\":\"https:\/\/startinantreprenoriatsocial.ro\/#organization\",\"name\":\"Proiect: Start \u00een Antreprenoriatul Social\",\"url\":\"https:\/\/startinantreprenoriatsocial.ro\/\",\"logo\":{\"@type\":\"ImageObject\",\"inLanguage\":\"ro-RO\",\"@id\":\"https:\/\/startinantreprenoriatsocial.ro\/#\/schema\/logo\/image\/\",\"url\":\"https:\/\/startinantreprenoriatsocial.ro\/wp-content\/uploads\/2024\/08\/logostart.jpg\",\"contentUrl\":\"https:\/\/startinantreprenoriatsocial.ro\/wp-content\/uploads\/2024\/08\/logostart.jpg\",\"width\":851,\"height\":851,\"caption\":\"Proiect: Start \u00een Antreprenoriatul Social\"},\"image\":{\"@id\":\"https:\/\/startinantreprenoriatsocial.ro\/#\/schema\/logo\/image\/\"},\"sameAs\":[\"https:\/\/www.facebook.com\/StartInAntreprenoriatulSocial\",\"https:\/\/www.instagram.com\/startinantrepren\/\",\"https:\/\/www.youtube.com\/@StartnAntreprenoriatulSocial\",\"https:\/\/www.tiktok.com\/@startantreprenorsocial\"]}]}<\/script>\n<!-- \/ Yoast SEO plugin. -->","yoast_head_json":{"title":"Concurs plan de afaceri - Proiect: Start \u00een Antreprenoriatul Social","robots":{"index":"index","follow":"follow","max-snippet":"max-snippet:-1","max-image-preview":"max-image-preview:large","max-video-preview":"max-video-preview:-1"},"canonical":"https:\/\/startinantreprenoriatsocial.ro\/index.php\/inscriere-plan-de-afaceri\/","og_locale":"ro_RO","og_type":"article","og_title":"Concurs plan de afaceri - Proiect: Start \u00een Antreprenoriatul Social","og_description":"V\u0103 inform\u0103m c\u0103 \u00een data de 15.05.2025 ora 23:59 concursul pentru planurile de afaceri s-a \u00eencheiat!","og_url":"https:\/\/startinantreprenoriatsocial.ro\/index.php\/inscriere-plan-de-afaceri\/","og_site_name":"Proiect: Start \u00een Antreprenoriatul Social","article_publisher":"https:\/\/www.facebook.com\/StartInAntreprenoriatulSocial","article_modified_time":"2025-05-16T05:51:51+00:00","twitter_card":"summary_large_image","twitter_misc":{"Timp estimat pentru citire":"1 minut"},"schema":{"@context":"https:\/\/schema.org","@graph":[{"@type":"WebPage","@id":"https:\/\/startinantreprenoriatsocial.ro\/index.php\/inscriere-plan-de-afaceri\/","url":"https:\/\/startinantreprenoriatsocial.ro\/index.php\/inscriere-plan-de-afaceri\/","name":"Concurs plan de afaceri - Proiect: Start \u00een Antreprenoriatul Social","isPartOf":{"@id":"https:\/\/startinantreprenoriatsocial.ro\/#website"},"datePublished":"2025-04-30T00:00:13+00:00","dateModified":"2025-05-16T05:51:51+00:00","breadcrumb":{"@id":"https:\/\/startinantreprenoriatsocial.ro\/index.php\/inscriere-plan-de-afaceri\/#breadcrumb"},"inLanguage":"ro-RO","potentialAction":[{"@type":"ReadAction","target":["https:\/\/startinantreprenoriatsocial.ro\/index.php\/inscriere-plan-de-afaceri\/"]}]},{"@type":"BreadcrumbList","@id":"https:\/\/startinantreprenoriatsocial.ro\/index.php\/inscriere-plan-de-afaceri\/#breadcrumb","itemListElement":[{"@type":"ListItem","position":1,"name":"Prima pagin\u0103","item":"https:\/\/startinantreprenoriatsocial.ro\/"},{"@type":"ListItem","position":2,"name":"Concurs plan de afaceri"}]},{"@type":"WebSite","@id":"https:\/\/startinantreprenoriatsocial.ro\/#website","url":"https:\/\/startinantreprenoriatsocial.ro\/","name":"Proiect: Start \u00een Antreprenoriatul Social","description":"","publisher":{"@id":"https:\/\/startinantreprenoriatsocial.ro\/#organization"},"potentialAction":[{"@type":"SearchAction","target":{"@type":"EntryPoint","urlTemplate":"https:\/\/startinantreprenoriatsocial.ro\/?s={search_term_string}"},"query-input":"required name=search_term_string"}],"inLanguage":"ro-RO"},{"@type":"Organization","@id":"https:\/\/startinantreprenoriatsocial.ro\/#organization","name":"Proiect: Start \u00een Antreprenoriatul Social","url":"https:\/\/startinantreprenoriatsocial.ro\/","logo":{"@type":"ImageObject","inLanguage":"ro-RO","@id":"https:\/\/startinantreprenoriatsocial.ro\/#\/schema\/logo\/image\/","url":"https:\/\/startinantreprenoriatsocial.ro\/wp-content\/uploads\/2024\/08\/logostart.jpg","contentUrl":"https:\/\/startinantreprenoriatsocial.ro\/wp-content\/uploads\/2024\/08\/logostart.jpg","width":851,"height":851,"caption":"Proiect: Start \u00een Antreprenoriatul Social"},"image":{"@id":"https:\/\/startinantreprenoriatsocial.ro\/#\/schema\/logo\/image\/"},"sameAs":["https:\/\/www.facebook.com\/StartInAntreprenoriatulSocial","https:\/\/www.instagram.com\/startinantrepren\/","https:\/\/www.youtube.com\/@StartnAntreprenoriatulSocial","https:\/\/www.tiktok.com\/@startantreprenorsocial"]}]}},"_links":{"self":[{"href":"http:\/\/startinantreprenoriatsocial.ro\/index.php\/wp-json\/wp\/v2\/pages\/178","targetHints":{"allow":["GET"]}}],"collection":[{"href":"http:\/\/startinantreprenoriatsocial.ro\/index.php\/wp-json\/wp\/v2\/pages"}],"about":[{"href":"http:\/\/startinantreprenoriatsocial.ro\/index.php\/wp-json\/wp\/v2\/types\/page"}],"author":[{"embeddable":true,"href":"http:\/\/startinantreprenoriatsocial.ro\/index.php\/wp-json\/wp\/v2\/users\/1"}],"replies":[{"embeddable":true,"href":"http:\/\/startinantreprenoriatsocial.ro\/index.php\/wp-json\/wp\/v2\/comments?post=178"}],"version-history":[{"count":8,"href":"http:\/\/startinantreprenoriatsocial.ro\/index.php\/wp-json\/wp\/v2\/pages\/178\/revisions"}],"predecessor-version":[{"id":246,"href":"http:\/\/startinantreprenoriatsocial.ro\/index.php\/wp-json\/wp\/v2\/pages\/178\/revisions\/246"}],"wp:attachment":[{"href":"http:\/\/startinantreprenoriatsocial.ro\/index.php\/wp-json\/wp\/v2\/media?parent=178"}],"curies":[{"name":"wp","href":"https:\/\/api.w.org\/{rel}","templated":true}]}}

<p class="p1">Vă informăm că în data de 15.05.2025 ora 23:59 concursul pentru planurile de afaceri s-a încheiat!</p>

<p>Vă informăm că în data de 15.05.2025 ora 23:59 concursul pentru planurile de afaceri s-a încheiat!</p>

<!-- This site is optimized with the Yoast SEO plugin v23.3 - https://yoast.com/wordpress/plugins/seo/ -->
<title>Concurs plan de afaceri - Proiect: Start în Antreprenoriatul Social</title>
<meta name="robots" content="index, follow, max-snippet:-1, max-image-preview:large, max-video-preview:-1" />
<link rel="canonical" href="https://startinantreprenoriatsocial.ro/index.php/inscriere-plan-de-afaceri/" />
<meta property="og:locale" content="ro_RO" />
<meta property="og:type" content="article" />
<meta property="og:title" content="Concurs plan de afaceri - Proiect: Start în Antreprenoriatul Social" />
<meta property="og:description" content="Vă informăm că în data de 15.05.2025 ora 23:59 concursul pentru planurile de afaceri s-a încheiat!" />
<meta property="og:url" content="https://startinantreprenoriatsocial.ro/index.php/inscriere-plan-de-afaceri/" />
<meta property="og:site_name" content="Proiect: Start în Antreprenoriatul Social" />
<meta property="article:publisher" content="https://www.facebook.com/StartInAntreprenoriatulSocial" />
<meta property="article:modified_time" content="2025-05-16T05:51:51+00:00" />
<meta name="twitter:card" content="summary_large_image" />
<meta name="twitter:label1" content="Timp estimat pentru citire" />
	<meta name="twitter:data1" content="1 minut" />
<script type="application/ld+json" class="yoast-schema-graph">{"@context":"https://schema.org","@graph":[{"@type":"WebPage","@id":"https://startinantreprenoriatsocial.ro/index.php/inscriere-plan-de-afaceri/","url":"https://startinantreprenoriatsocial.ro/index.php/inscriere-plan-de-afaceri/","name":"Concurs plan de afaceri - Proiect: Start în Antreprenoriatul Social","isPartOf":{"@id":"https://startinantreprenoriatsocial.ro/#website"},"datePublished":"2025-04-30T00:00:13+00:00","dateModified":"2025-05-16T05:51:51+00:00","breadcrumb":{"@id":"https://startinantreprenoriatsocial.ro/index.php/inscriere-plan-de-afaceri/#breadcrumb"},"inLanguage":"ro-RO","potentialAction":[{"@type":"ReadAction","target":["https://startinantreprenoriatsocial.ro/index.php/inscriere-plan-de-afaceri/"]}]},{"@type":"BreadcrumbList","@id":"https://startinantreprenoriatsocial.ro/index.php/inscriere-plan-de-afaceri/#breadcrumb","itemListElement":[{"@type":"ListItem","position":1,"name":"Prima pagină","item":"https://startinantreprenoriatsocial.ro/"},{"@type":"ListItem","position":2,"name":"Concurs plan de afaceri"}]},{"@type":"WebSite","@id":"https://startinantreprenoriatsocial.ro/#website","url":"https://startinantreprenoriatsocial.ro/","name":"Proiect: Start în Antreprenoriatul Social","description":"","publisher":{"@id":"https://startinantreprenoriatsocial.ro/#organization"},"potentialAction":[{"@type":"SearchAction","target":{"@type":"EntryPoint","urlTemplate":"https://startinantreprenoriatsocial.ro/?s={search_term_string}"},"query-input":"required name=search_term_string"}],"inLanguage":"ro-RO"},{"@type":"Organization","@id":"https://startinantreprenoriatsocial.ro/#organization","name":"Proiect: Start în Antreprenoriatul Social","url":"https://startinantreprenoriatsocial.ro/","logo":{"@type":"ImageObject","inLanguage":"ro-RO","@id":"https://startinantreprenoriatsocial.ro/#/schema/logo/image/","url":"https://startinantreprenoriatsocial.ro/wp-content/uploads/2024/08/logostart.jpg","contentUrl":"https://startinantreprenoriatsocial.ro/wp-content/uploads/2024/08/logostart.jpg","width":851,"height":851,"caption":"Proiect: Start în Antreprenoriatul Social"},"image":{"@id":"https://startinantreprenoriatsocial.ro/#/schema/logo/image/"},"sameAs":["https://www.facebook.com/StartInAntreprenoriatulSocial","https://www.instagram.com/startinantrepren/","https://www.youtube.com/@StartnAntreprenoriatulSocial","https://www.tiktok.com/@startantreprenorsocial"]}]}</script>
<!-- / Yoast SEO plugin. -->

Concurs plan de afaceri - Proiect: Start în Antreprenoriatul Social

Vă informăm că în data de 15.05.2025 ora 23:59 concursul pentru planurile de afaceri s-a încheiat!

Proiect: Start în Antreprenoriatul Social

Prima pagină
